{"id":474,"date":"2017-01-10T16:11:24","date_gmt":"2017-01-10T16:11:24","guid":{"rendered":"http:\/\/import.getbowtied.com\/shopkeeper-replica\/?page_id=474"},"modified":"2020-01-11T19:04:19","modified_gmt":"2020-01-11T18:04:19","slug":"la-villa","status":"publish","type":"page","link":"https:\/\/brisedespins.com\/?page_id=474","title":{"rendered":"La Villa"},"content":{"rendered":"<p>[vc_row full_width=\u00a0\u00bbstretch_row_content_no_spaces\u00a0\u00bb css=\u00a0\u00bb.vc_custom_1558011969580{margin-bottom: 75px !important;padding-top: 200px !important;padding-bottom: 150px !important;background-image: url(https:\/\/brisedespins.com\/wp-content\/uploads\/2019\/05\/27.jpg?id=3058) !important;background-position: center !important;background-repeat: no-repeat !important;background-size: cover !important;}\u00a0\u00bb][vc_column][vc_row_inner][vc_column_inner width=\u00a0\u00bb1\/6&Prime;][\/vc_column_inner][vc_column_inner width=\u00a0\u00bb2\/3&Prime;][\/vc_column_inner][vc_column_inner width=\u00a0\u00bb1\/6&Prime;][\/vc_column_inner][\/vc_row_inner][\/vc_column][\/vc_row][vc_row equal_height=\u00a0\u00bbyes\u00a0\u00bb parallax=\u00a0\u00bbcontent-moving\u00a0\u00bb css=\u00a0\u00bb.vc_custom_1557925349030{margin-bottom: 45px !important;}\u00a0\u00bb][vc_column][vc_custom_heading text=\u00a0\u00bbLa Villa\u00a0\u00bb google_fonts=\u00a0\u00bbfont_family:Montserrat%3Aregular%2C700|font_style:400%20regular%3A400%3Anormal\u00a0\u00bb][\/vc_column][\/vc_row][vc_row equal_height=\u00a0\u00bbyes\u00a0\u00bb parallax=\u00a0\u00bbcontent-moving\u00a0\u00bb css=\u00a0\u00bb.vc_custom_1557925349030{margin-bottom: 45px !important;}\u00a0\u00bb][vc_column width=\u00a0\u00bb1\/2&Prime;][vc_column_text]<\/p>\n<p style=\"text-align: justify;\">Confort optimal entre charme et beaut\u00e9, un v\u00e9ritable \u00e9crin, <strong>le plus bel emplacement du Cap d\u2019Antibes versant Est<\/strong>.<\/p>\n<p style=\"text-align: justify;\"><strong>A 50 m\u00e8tres de la mer<\/strong>, \u00e0 proximit\u00e9 du c\u00e9l\u00e8bre H\u00f4tel \u00ab Eden Roc \u00bb, des plus belles plages de \u00ab la Salis \u00bb et de \u00ab la Garoupe \u00bb et des criques de la pointe du Bacon, la Villa proven\u00e7ale r\u00e9cemment modernis\u00e9e est situ\u00e9e sous les pins avec une vue panoramique \u00e0 180\u00b0 sur la baie des Anges, la Garoupe, les montagnes et le vieil Antibes.<\/p>\n<p style=\"text-align: justify;\">La villa a un acc\u00e8s imm\u00e9diat au bord de mer.<\/p>\n<p style=\"text-align: justify;\">Tous les vacanciers pourront admirer de leurs fen\u00eatres ou de leurs terrasses les plus beaux bateaux du monde qui choisissent particuli\u00e8rement cet endroit privil\u00e9gi\u00e9 pour se mettre \u00e0 l\u2019abri du vent d\u2019ouest.<\/p>\n<p>[\/vc_column_text][vc_separator color=\u00a0\u00bbblack\u00a0\u00bb][vc_column_text]<\/p>\n<p style=\"text-align: left;\"><strong>EN PARTIES COMMUNES<\/strong><\/p>\n<ul>\n<li style=\"text-align: justify;\">Piscine chauff\u00e9e toute l\u2019ann\u00e9e, \u00e9quip\u00e9e d\u2019une nage \u00e0 contre-courant et de cinq buses de massage.<\/li>\n<li style=\"text-align: justify;\">Jardin avec bains de soleil face \u00e0 la mer.<\/li>\n<li style=\"text-align: justify;\">Luxueux hammam sonoris\u00e9 avec douche et toilettes.<\/li>\n<li style=\"text-align: justify;\">Terrain de p\u00e9tanque.<\/li>\n<li>Table de ping-pong.<\/li>\n<li>Spacieuse douche ext\u00e9rieure \u00e0 c\u00f4t\u00e9 de la piscine.<\/li>\n<\/ul>\n<p>[\/vc_column_text][vc_separator color=\u00a0\u00bbblack\u00a0\u00bb][vc_column_text]<\/p>\n<p style=\"text-align: justify;\"><b>ACC\u00c8S<\/b><strong>\u00a0DES VOYAGEURS<\/strong><\/p>\n<p style=\"text-align: justify;\">Les voyageurs b\u00e9n\u00e9ficient d\u2019un parking s\u00e9curis\u00e9 \u00e0 l\u2019int\u00e9rieur de la propri\u00e9t\u00e9 pour leur propre v\u00e9hicule dans la limite de quatre voitures pour l\u2019ensemble de la villa.<\/p>\n<p style=\"text-align: justify;\">La conciergerie pourra organiser vos d\u00e9placements vers les plages, restaurants et sites remarquables.<\/p>\n<p>[\/vc_column_text][vc_separator color=\u00a0\u00bbblack\u00a0\u00bb][vc_column_text]<\/p>\n<p style=\"text-align: justify;\"><strong>\u00c9CHANGES AVEC LES VOYAGEURS<\/strong><\/p>\n<p style=\"text-align: justify;\">La villa dispose d\u2019une conciergerie avec un personnel d\u00e9vou\u00e9 qui peut organiser sur demande : d\u00e9placements, cocktails, r\u00e9ceptions, barbecue.<\/p>\n<p style=\"text-align: justify;\">Jacques-Philippe et sa conciergerie vous accueilleront selon vos souhaits et seront aux petits soins pour vous.<\/p>\n<p>[\/vc_column_text][vc_separator color=\u00a0\u00bbblack\u00a0\u00bb][vc_column_text]<\/p>\n<p style=\"text-align: justify;\"><strong>AUTRES REMARQUES<\/strong><\/p>\n<p style=\"text-align: justify;\">Tous les voyageurs\u00a0 ont acc\u00e8s \u00e0 la piscine, aux bains de soleil,\u00a0 hammam, terrain de p\u00e9tanque,\u00a0 table de ping-pong.<\/p>\n<p style=\"text-align: justify;\">La salle de r\u00e9ception face \u00e0 la piscine est r\u00e9serv\u00e9e aux petits d\u00e9jeuners des occupants du rez de jardin, au service des boissons, aux repas ou r\u00e9ceptions organis\u00e9s sur commande selon devis.<\/p>\n<p>[\/vc_column_text][\/vc_column][vc_column width=\u00a0\u00bb1\/2&Prime;][vc_separator color=\u00a0\u00bbblack\u00a0\u00bb][vc_column_text css=\u00a0\u00bb.vc_custom_1575021596874{padding-top: 10px !important;padding-right: 10px !important;padding-bottom: 10px !important;padding-left: 10px !important;background-color: #fc6e3b !important;border-radius: 1px !important;}\u00a0\u00bb]<\/p>\n<div style=\"text-align: justify;\">\n<p><span style=\"color: #ffffff;\"><strong>TRANSPORTS<\/strong><\/span><\/p>\n<ul>\n<li><span style=\"color: #ffffff;\">A 20 Kms de l\u2019A\u00e9roport Nice-C\u00f4te d\u2019Azur.<\/span><\/li>\n<li><span style=\"color: #ffffff;\">A 2 Kms de la gare SNCF d\u2019Antibes, desservie par les TGV, les trains grandes lignes et les trains r\u00e9gionaux.<\/span><\/li>\n<li><span style=\"color: #ffffff;\">Les trains THELLO (Marseille-Italie) s\u2019arr\u00eatent en gare d\u2019Antibes.<\/span><\/li>\n<li><span style=\"color: #ffffff;\">Les trains LYRIA (Gen\u00e8ve, Lyon, Marseille) s\u2019arr\u00eatent en gare d\u2019Antibes.<\/span><\/li>\n<\/ul>\n<\/div>\n<p>[\/vc_column_text][vc_separator color=\u00a0\u00bbblack\u00a0\u00bb][vc_column_text]<\/p>\n<h5>Equipements<\/h5>\n<ul>\n<li>Serviettes, peignoirs, draps, s\u00e8che cheveux.<\/li>\n<li>Savon, shampoing.<\/li>\n<li>Fer \u00e0 repasser.<\/li>\n<li>Espace de travail pour ordinateur portable.<\/li>\n<li>T\u00e9l\u00e9vision satellite dans chaque suite.<\/li>\n<li>Coffre-forts.<\/li>\n<li>Lave-linge, s\u00e8che-linge et repassage sur demande \u00e0 la conciergerie.<\/li>\n<li>Wi-fi acc\u00e8s permanent dans toutes les pi\u00e8ces.<\/li>\n<li>Acc\u00e8s permanent \u00e0 la propri\u00e9t\u00e9 et au parking par un portail et un portillon accessible avec le code.<\/li>\n<li>Climatisation.<\/li>\n<\/ul>\n<p>[\/vc_column_text][vc_column_text]<\/p>\n<h5>Installations<\/h5>\n<ul>\n<li>Monte-charge pour les bagages et une personne handicap\u00e9e.<\/li>\n<li>Parking gratuit sur place.<\/li>\n<li>Piscine chauff\u00e9e toute l\u2019ann\u00e9e.<\/li>\n<\/ul>\n<p>[\/vc_column_text][vc_column_text]<\/p>\n<h5>Restauration<\/h5>\n<ul>\n<li>Petits d\u00e9jeuners, cocktails, repas sur demande selon devis.<\/li>\n<li>Espaces o\u00f9 les voyageurs peuvent cuisiner : cuisine du Pigeonnier et espace vitr\u00e9 devant la piscine.<\/li>\n<\/ul>\n<p>[\/vc_column_text][vc_column_text]<\/p>\n<h5>Acc\u00e8s des voyageurs<\/h5>\n<ul>\n<li>Entr\u00e9e ind\u00e9pendante pour chaque suite avec sonnette.<\/li>\n<li>Ouverture automatique du portail.<\/li>\n<\/ul>\n<p>[\/vc_column_text][vc_column_text]<\/p>\n<h5>Dispositif de s\u00e9curit\u00e9<\/h5>\n<ul>\n<li>Extincteurs.<\/li>\n<li>D\u00e9tecteurs de monoxyde de carbone.<\/li>\n<li>D\u00e9tecteur de fum\u00e9e.<\/li>\n<\/ul>\n<p>[\/vc_column_text][\/vc_column][\/vc_row][vc_row full_width=\u00a0\u00bbstretch_row_content_no_spaces\u00a0\u00bb][vc_column][vc_gmaps link=\u00a0\u00bb#E-8_JTNDaWZyYW1lJTIwc3JjJTNEJTIyaHR0cHMlM0ElMkYlMkZ3d3cuZ29vZ2xlLmNvbSUyRm1hcHMlMkZlbWJlZCUzRnBiJTNEJTIxMW0xOCUyMTFtMTIlMjExbTMlMjExZDI4OTEuMDQyNDg3ODIzNDMxNyUyMTJkNy4xMzQ1Nzk4MTU3MjA4NjglMjEzZDQzLjU2Mzk5Nzc2NjIxMTg0JTIxMm0zJTIxMWYwJTIxMmYwJTIxM2YwJTIxM20yJTIxMWkxMDI0JTIxMmk3NjglMjE0ZjEzLjElMjEzbTMlMjExbTIlMjExczB4MTJjZTdmODFmODZlYjc4MSUyNTNBMHhhYjZkODRlOWI5NWNlM2E4JTIxMnNBdmVudWUlMkJkZXMlMkJQaW5zJTJCZHUlMkJDYXAlMjUyQyUyQjA2MTYwJTJCQW50aWJlcyUyMTVlMCUyMTNtMiUyMTFzZnIlMjEyc2ZyJTIxNHYxNTU5ODEzMDU1NDI2JTIxNW0yJTIxMXNmciUyMTJzZnIlMjIlMjB3aWR0aCUzRCUyMjYwMCUyMiUyMGhlaWdodCUzRCUyMjQ1MCUyMiUyMGZyYW1lYm9yZGVyJTNEJTIyMCUyMiUyMHN0eWxlJTNEJTIyYm9yZGVyJTNBMCUyMiUyMGFsbG93ZnVsbHNjcmVlbiUzRSUzQyUyRmlmcmFtZSUzRQ==\u00a0\u00bb][\/vc_column][vc_column][\/vc_column][\/vc_row][vc_row][vc_column][vc_column_text]<\/p>\n<p>&nbsp;<\/p>\n<p>[\/vc_column_text][vc_column_inner width=\u00a0\u00bb1\/2&Prime;][\/vc_column_inner][\/vc_column][\/vc_row]<\/p>\n","protected":false},"excerpt":{"rendered":"<p>[vc_row full_width=\u00a0\u00bbstretch_row_content_no_spaces\u00a0\u00bb css=\u00a0\u00bb.vc_custom_1558011969580{margin-bottom: 75px !important;padding-top: 200px !important;padding-bottom: 150px !important;background-image: url(https:\/\/brisedespins.com\/wp-content\/uploads\/2019\/05\/27.jpg?id=3058) !important;background-position: center !important;background-repeat: no-repeat !important;background-size: cover !important;}\u00a0\u00bb][vc_column][vc_row_inner][vc_column_inner width=\u00a0\u00bb1\/6&Prime;][\/vc_column_inner][vc_column_inner width=\u00a0\u00bb2\/3&Prime;][\/vc_column_inner][vc_column_inner width=\u00a0\u00bb1\/6&Prime;][\/vc_column_inner][\/vc_row_inner][\/vc_column][\/vc_row][vc_row equal_height=\u00a0\u00bbyes\u00a0\u00bb parallax=\u00a0\u00bbcontent-moving\u00a0\u00bb css=\u00a0\u00bb.vc_custom_1557925349030{margin-bottom: 45px !important;}\u00a0\u00bb][vc_column][vc_custom_heading text=\u00a0\u00bbLa Villa\u00a0\u00bb google_fonts=\u00a0\u00bbfont_family:Montserrat%3Aregular%2C700|font_style:400%20regular%3A400%3Anormal\u00a0\u00bb][\/vc_column][\/vc_row][vc_row equal_height=\u00a0\u00bbyes\u00a0\u00bb parallax=\u00a0\u00bbcontent-moving\u00a0\u00bb css=\u00a0\u00bb.vc_custom_1557925349030{margin-bottom: 45px !important;}\u00a0\u00bb][vc_column width=\u00a0\u00bb1\/2&Prime;][vc_column_text] Confort optimal entre charme et beaut\u00e9, un v\u00e9ritable \u00e9crin, le plus bel emplacement du Cap d\u2019Antibes versant Est. A 50 m\u00e8tres [&hellip;]<\/p>\n","protected":false},"author":3,"featured_media":0,"parent":0,"menu_order":0,"comment_status":"closed","ping_status":"closed","template":"page-boxed.php","meta":{"footnotes":""},"class_list":["post-474","page","type-page","status-publish","hentry"],"_links":{"self":[{"href":"https:\/\/brisedespins.com\/index.php?rest_route=\/wp\/v2\/pages\/474","targetHints":{"allow":["GET"]}}],"collection":[{"href":"https:\/\/brisedespins.com\/index.php?rest_route=\/wp\/v2\/pages"}],"about":[{"href":"https:\/\/brisedespins.com\/index.php?rest_route=\/wp\/v2\/types\/page"}],"author":[{"embeddable":true,"href":"https:\/\/brisedespins.com\/index.php?rest_route=\/wp\/v2\/users\/3"}],"replies":[{"embeddable":true,"href":"https:\/\/brisedespins.com\/index.php?rest_route=%2Fwp%2Fv2%2Fcomments&post=474"}],"version-history":[{"count":80,"href":"https:\/\/brisedespins.com\/index.php?rest_route=\/wp\/v2\/pages\/474\/revisions"}],"predecessor-version":[{"id":3552,"href":"https:\/\/brisedespins.com\/index.php?rest_route=\/wp\/v2\/pages\/474\/revisions\/3552"}],"wp:attachment":[{"href":"https:\/\/brisedespins.com\/index.php?rest_route=%2Fwp%2Fv2%2Fmedia&parent=474"}],"curies":[{"name":"wp","href":"https:\/\/api.w.org\/{rel}","templated":true}]}}